n divisor of 90 and 105?
15
Calculate the greatest common divisor of 10 and 54.
2
Calculate the greatest common divisor of 1758 and 6.
6
Calculate the greatest common factor of 14 and 9.
1
Calculate the greatest common divisor of 664 and 16.
8
What is the highest common divisor of 81324 and 648?
324
What is the highest common divisor of 645 and 1065?
15
What is the greatest common factor of 5458 and 2?
2
What is the highest common divisor of 2082 and 18?
6
What is the highest common divisor of 3410 and 110?
110
What is the highest common divisor of 155 and 93?
31
Calculate the highest common divisor of 779 and 205.
41
What is the greatest common divisor of 126 and 14?
14
Calculate the highest common factor of 200 and 75.
25
Calculate the greatest common divisor of 176 and 48.
16
Calculate the highest common factor of 76 and 17898.
38
Calculate the greatest common divisor of 56 and 2044.
28
Calculate the greatest common factor of 18 and 750.
6
Calculate the highest common divisor of 294 and 1099.
7
What is the greatest common divisor of 152 and 24?
8
What is the highest common divisor of 32037 and 177?
177
What is the greatest common divisor of 20 and 580?
20
Calculate the greatest common divisor of 5435 and 5.
5
Calculate the greatest common divisor of 10080 and 16.
16
Calculate the highest common divisor of 26 and 7982.
26
Calculate the greatest common factor of 99 and 4653.
99
What is the highest common divisor of 117 and 156?
39
What is the highest common factor of 460 and 380?
20
What is the greatest common divisor of 26 and 40534?
26
What is the highest common divisor of 19134 and 18?
18
Calculate the highest common divisor of 8 and 24.
8
What is the greatest common divisor of 296 and 16?
8
Calculate the highest common divisor of 8001 and 63.
63
Calculate the highest common divisor of 12 and 996.
12
Calculate the greatest common divisor of 24 and 2058.
6
Calculate the highest common divisor of 1598 and 34.
34
Calculate the highest common divisor of 80868 and 23.
23
Calculate the highest common divisor of 270 and 162.
54
Calculate the greatest common divisor of 2782 and 52.
26
What is the highest common factor of 40 and 790?
10
What is the highest common factor of 217 and 124?
31
What is the greatest common factor of 38 and 7353?
19
Calculate the highest common factor of 71 and 1207.
71
What is the greatest common divisor of 544 and 34?
34
Calculate the greatest common divisor of 96 and 1176.
24
Calculate the highest common factor of 17594 and 228.
38
Calculate the greatest common factor of 246 and 366.
6
What is the greatest common divisor of 155 and 31?
31
Calculate the greatest common factor of 35 and 609.
7
Calculate the greatest common factor of 12247 and 333.
37
What is the greatest common factor of 222 and 370?
74
Calculate the highest common factor of 5562 and 270.
54
What is the greatest common factor of 3204 and 96?
12
Calculate the highest common divisor of 319 and 87.
29
What is the greatest common factor of 324 and 84?
12
What is the greatest common divisor of 18 and 162?
18
Calculate the highest common divisor of 15 and 30.
15
Calculate the highest common factor of 774 and 18.
18
What is the greatest common factor of 35 and 56?
7
What is the highest common divisor of 275 and 10?
5
What is the greatest common divisor of 1561 and 7?
7
Calculate the greatest common factor of 693 and 1611.
9
What is the highest common factor of 36 and 32?
4
Calculate the highest common factor of 594 and 6138.
198
Calculate the highest common divisor of 3 and 7653.
3
Calculate the highest common divisor of 128 and 6464.
64
Calculate the highest common factor of 34 and 82.
2
Calculate the highest common divisor of 1250 and 150.
50
Calculate the greatest common divisor of 170 and 60.
10
Calculate the greatest common factor of 108360 and 15.
15
Calculate the greatest common divisor of 1448 and 40.
8
What is the greatest common divisor of 124 and 2852?
124
Calculate the highest common factor of 37825 and 25.
25
Calculate the highest common factor of 96 and 624.
48
What is the greatest common divisor of 332 and 747?
83
Calculate the greatest common divisor of 80 and 3600.
80
Calculate the greatest common divisor of 5862 and 6.
6
What is the highest common divisor of 124 and 558?
62
Calculate the highest common divisor of 26 and 25.
1
What is the highest common divisor of 1944 and 8?
8
Calculate the highest common divisor of 495 and 225.
45
What is the greatest common factor of 1272 and 48?
24
Calculate the highest common divisor of 49 and 3087.
49
What is the highest common factor of 56 and 364?
28
Calculate the greatest common factor of 214 and 123478.
214
What is the highest common factor of 119 and 15113?
119
What is the greatest common divisor of 132 and 319?
11
What is the highest common factor of 14 and 259?
7
What is the greatest common divisor of 1512 and 56?
56
What is the greatest common factor of 270 and 10?
10
What is the greatest common divisor of 272 and 289?
17
Calculate the highest common factor of 15 and 95.
5
What is the highest common factor of 6 and 363?
3
What is the greatest common divisor of 420 and 2688?
84
What is the greatest common divisor of 427 and 28?
7
What is the greatest common divisor of 6 and 4872?
6
Calculate the greatest common divisor of 2299 and 242.
121
Calculate the highest common divisor of 124 and 31.
31
Calculate the greatest common divisor of 29 and 464.
29
Calculate the greatest common factor of 190 and 2432.
38
What is the highest common divisor of 880 and 400?
80
What is the highest common factor of 14 and 4?
2
What is the highest common factor of 47 and 3807?
47
Calculate the highest common factor of 187 and 119.
17
Calculate the highest common divisor of 39 and 147.
3
What is the highest common factor of 17 and 3043?
17
Calculate the greatest common divisor of 4020 and 60.
60
What is the greatest common divisor of 77 and 52591?
77
What is the highest common divisor of 304 and 1368?
152
What is the highest common divisor of 13231 and 131?
131
What is the greatest common factor of 62 and 1178?
62
Calculate the highest common divisor of 5184 and 36.
36
Calculate the highest common factor of 44 and 407.
11
What is the highest common divisor of 11137 and 777?
259
What is the greatest common divisor of 1246 and 6?
2
What is the greatest common factor of 639 and 45?
9
Calculate the greatest common factor of 2637 and 9.
9
Calculate the greatest common divisor of 324 and 48.
12
What is the highest common factor of 285 and 35?
5
What is the highest common divisor of 54 and 22626?
54
What is the greatest common divisor of 58 and 261?
29
What is the greatest common divisor of 29 and 29?
29
What is the highest common divisor of 53 and 424?
53
What is the greatest common divisor of 1664 and 40?
8
What is the highest common divisor of 558 and 11067?
93
Calculate the greatest common divisor of 252 and 140.
28
Calculate the highest common divisor of 120 and 1590.
30
What is the greatest common factor of 28 and 3031?
7
Calculate the highest common factor of 286 and 66.
22
Calculate the greatest common divisor of 308 and 44.
44
Calculate the highest common divisor of 24 and 2280.
24
What is the greatest common divisor of 95 and 76?
19
Calculate the greatest common factor of 897 and 39.
39
Calculate the highest common factor of 3 and 16581.
3
Calculate the greatest common divisor of 64 and 3712.
64
Calculate the highest common divisor of 1326 and 351.
39
Calculate the highest common divisor of 121 and 18.
1
What is the greatest common divisor of 660 and 770?
110
Calculate the greatest common factor of 6636 and 252.
84
What is the greatest common factor of 92 and 598?
46
Calculate the highest common divisor of 571 and 11.
1
Calculate the greatest common divisor of 598 and 728.
26
What is the greatest common divisor of 492 and 12?
12
What is the greatest common divisor of 21535 and 590?
295
What is the greatest common divisor of 5 and 675?
5
Calculate the highest common divisor of 29 and 10.
1
What is the highest common divisor of 128 and 40?
8
What is the greatest common divisor of 650 and 100?
50
Calculate the highest common divisor of 4 and 560.
4
Calculate the greatest common factor of 200 and 840.
40
Calculate the 